{"id":6186,"date":"2025-10-21T11:49:31","date_gmt":"2025-10-21T14:49:31","guid":{"rendered":"https:\/\/aureadermatologia.com.br\/home\/?page_id=6186"},"modified":"2025-10-21T11:49:31","modified_gmt":"2025-10-21T14:49:31","slug":"isadora-hegouet","status":"publish","type":"page","link":"https:\/\/aureadermatologia.com.br\/home\/corpo-clinico\/isadora-hegouet\/","title":{"rendered":"Isadora Hegouet"},"content":{"rendered":"","protected":false},"excerpt":{"rendered":"","protected":false},"author":1,"featured_media":6187,"parent":4109,"menu_order":0,"comment_status":"closed","ping_status":"closed","template":"","meta":{"_acf_changed":false,"footnotes":""},"class_list":["post-6186","page","type-page","status-publish","has-post-thumbnail","hentry"],"acf":[],"yoast_head":"<!-- This site is optimized with the Yoast SEO plugin v22.7 - https:\/\/yoast.com\/wordpress\/plugins\/seo\/ -->\n<title>Isadora Hegouet | Fisioterapia Est\u00e9tica Avan\u00e7ada em Salvador<\/title>\n<meta name=\"description\" content=\"Fisioterapeuta formada pela Universidade Federal da Bahia (UFBA) e atualmente \u00e9 mestranda em Processos Interativos dos \u00d3rg\u00e3os e Sistemas.\" \/>\n<meta name=\"robots\" content=\"index, follow, max-snippet:-1, max-image-preview:large, max-video-preview:-1\" \/>\n<link rel=\"canonical\" href=\"https:\/\/aureadermatologia.com.br\/home\/corpo-clinico\/isadora-hegouet\/\" \/>\n<meta property=\"og:locale\" content=\"pt_BR\" \/>\n<meta property=\"og:type\" content=\"article\" \/>\n<meta property=\"og:title\" content=\"Isadora Hegouet | Fisioterapia Est\u00e9tica Avan\u00e7ada em Salvador\" \/>\n<meta property=\"og:description\" content=\"Fisioterapeuta formada pela Universidade Federal da Bahia (UFBA) e atualmente \u00e9 mestranda em Processos Interativos dos \u00d3rg\u00e3os e Sistemas.\" \/>\n<meta property=\"og:url\" content=\"https:\/\/aureadermatologia.com.br\/home\/corpo-clinico\/isadora-hegouet\/\" \/>\n<meta property=\"og:site_name\" content=\"Aurea Dermatologia Integrada\" \/>\n<meta property=\"article:publisher\" content=\"https:\/\/www.facebook.com\/aurea.dermatologia\/\" \/>\n<meta property=\"og:image\" content=\"https:\/\/aureadermatologia.com.br\/home\/wp-content\/uploads\/2025\/10\/foto-scaled-e1761058205358.jpeg\" \/>\n\t<meta property=\"og:image:width\" content=\"1440\" \/>\n\t<meta property=\"og:image:height\" content=\"2142\" \/>\n\t<meta property=\"og:image:type\" content=\"image\/jpeg\" \/>\n<meta name=\"twitter:card\" content=\"summary_large_image\" \/>\n<meta name=\"twitter:label1\" content=\"Est. tempo de leitura\" \/>\n\t<meta name=\"twitter:data1\" content=\"1 minuto\" \/>\n<script type=\"application\/ld+json\" class=\"yoast-schema-graph\">{\"@context\":\"https:\/\/schema.org\",\"@graph\":[{\"@type\":\"WebPage\",\"@id\":\"https:\/\/aureadermatologia.com.br\/home\/corpo-clinico\/isadora-hegouet\/\",\"url\":\"https:\/\/aureadermatologia.com.br\/home\/corpo-clinico\/isadora-hegouet\/\",\"name\":\"Isadora Hegouet | Fisioterapia Est\u00e9tica Avan\u00e7ada em Salvador\",\"isPartOf\":{\"@id\":\"https:\/\/aureadermatologia.com.br\/home\/#website\"},\"primaryImageOfPage\":{\"@id\":\"https:\/\/aureadermatologia.com.br\/home\/corpo-clinico\/isadora-hegouet\/#primaryimage\"},\"image\":{\"@id\":\"https:\/\/aureadermatologia.com.br\/home\/corpo-clinico\/isadora-hegouet\/#primaryimage\"},\"thumbnailUrl\":\"https:\/\/aureadermatologia.com.br\/home\/wp-content\/uploads\/2025\/10\/foto-scaled-e1761058205358.jpeg\",\"datePublished\":\"2025-10-21T14:49:31+00:00\",\"dateModified\":\"2025-10-21T14:49:31+00:00\",\"description\":\"Fisioterapeuta formada pela Universidade Federal da Bahia (UFBA) e atualmente \u00e9 mestranda em Processos Interativos dos \u00d3rg\u00e3os e Sistemas.\",\"breadcrumb\":{\"@id\":\"https:\/\/aureadermatologia.com.br\/home\/corpo-clinico\/isadora-hegouet\/#breadcrumb\"},\"inLanguage\":\"pt-BR\",\"potentialAction\":[{\"@type\":\"ReadAction\",\"target\":[\"https:\/\/aureadermatologia.com.br\/home\/corpo-clinico\/isadora-hegouet\/\"]}]},{\"@type\":\"ImageObject\",\"inLanguage\":\"pt-BR\",\"@id\":\"https:\/\/aureadermatologia.com.br\/home\/corpo-clinico\/isadora-hegouet\/#primaryimage\",\"url\":\"https:\/\/aureadermatologia.com.br\/home\/wp-content\/uploads\/2025\/10\/foto-scaled-e1761058205358.jpeg\",\"contentUrl\":\"https:\/\/aureadermatologia.com.br\/home\/wp-content\/uploads\/2025\/10\/foto-scaled-e1761058205358.jpeg\",\"width\":1440,\"height\":2142},{\"@type\":\"BreadcrumbList\",\"@id\":\"https:\/\/aureadermatologia.com.br\/home\/corpo-clinico\/isadora-hegouet\/#breadcrumb\",\"itemListElement\":[{\"@type\":\"ListItem\",\"position\":1,\"name\":\"In\u00edcio\",\"item\":\"https:\/\/aureadermatologia.com.br\/home\/\"},{\"@type\":\"ListItem\",\"position\":2,\"name\":\"Corpo Cl\u00ednico\",\"item\":\"https:\/\/aureadermatologia.com.br\/home\/corpo-clinico\/\"},{\"@type\":\"ListItem\",\"position\":3,\"name\":\"Isadora Hegouet\"}]},{\"@type\":\"WebSite\",\"@id\":\"https:\/\/aureadermatologia.com.br\/home\/#website\",\"url\":\"https:\/\/aureadermatologia.com.br\/home\/\",\"name\":\"Aurea Dermatologia Integrada\",\"description\":\"Uma Cl\u00ednica de dermatologia que tamb\u00e9m \u00e9 uma galeria de arte.  Dermatologistas de excel\u00eancia. As melhores t\u00e9cnicas e produtos de qualidade  para tratamentos personalizados e resultados naturais.\",\"publisher\":{\"@id\":\"https:\/\/aureadermatologia.com.br\/home\/#organization\"},\"potentialAction\":[{\"@type\":\"SearchAction\",\"target\":{\"@type\":\"EntryPoint\",\"urlTemplate\":\"https:\/\/aureadermatologia.com.br\/home\/?s={search_term_string}\"},\"query-input\":\"required name=search_term_string\"}],\"inLanguage\":\"pt-BR\"},{\"@type\":\"Organization\",\"@id\":\"https:\/\/aureadermatologia.com.br\/home\/#organization\",\"name\":\"Aurea Dermatologia Integrada\",\"url\":\"https:\/\/aureadermatologia.com.br\/home\/\",\"logo\":{\"@type\":\"ImageObject\",\"inLanguage\":\"pt-BR\",\"@id\":\"https:\/\/aureadermatologia.com.br\/home\/#\/schema\/logo\/image\/\",\"url\":\"https:\/\/aureadermatologia.com.br\/home\/wp-content\/uploads\/2022\/11\/Marca-Aurea-Dermo-03.png\",\"contentUrl\":\"https:\/\/aureadermatologia.com.br\/home\/wp-content\/uploads\/2022\/11\/Marca-Aurea-Dermo-03.png\",\"width\":3509,\"height\":2481,\"caption\":\"Aurea Dermatologia Integrada\"},\"image\":{\"@id\":\"https:\/\/aureadermatologia.com.br\/home\/#\/schema\/logo\/image\/\"},\"sameAs\":[\"https:\/\/www.facebook.com\/aurea.dermatologia\/\",\"https:\/\/www.instagram.com\/aurea.dermatologia\/\",\"https:\/\/www.youtube.com\/@aurea.dermatologia\/\"]}]}<\/script>\n<!-- \/ Yoast SEO plugin. -->","yoast_head_json":{"title":"Isadora Hegouet | Fisioterapia Est\u00e9tica Avan\u00e7ada em Salvador","description":"Fisioterapeuta formada pela Universidade Federal da Bahia (UFBA) e atualmente \u00e9 mestranda em Processos Interativos dos \u00d3rg\u00e3os e Sistemas.","robots":{"index":"index","follow":"follow","max-snippet":"max-snippet:-1","max-image-preview":"max-image-preview:large","max-video-preview":"max-video-preview:-1"},"canonical":"https:\/\/aureadermatologia.com.br\/home\/corpo-clinico\/isadora-hegouet\/","og_locale":"pt_BR","og_type":"article","og_title":"Isadora Hegouet | Fisioterapia Est\u00e9tica Avan\u00e7ada em Salvador","og_description":"Fisioterapeuta formada pela Universidade Federal da Bahia (UFBA) e atualmente \u00e9 mestranda em Processos Interativos dos \u00d3rg\u00e3os e Sistemas.","og_url":"https:\/\/aureadermatologia.com.br\/home\/corpo-clinico\/isadora-hegouet\/","og_site_name":"Aurea Dermatologia Integrada","article_publisher":"https:\/\/www.facebook.com\/aurea.dermatologia\/","og_image":[{"width":1440,"height":2142,"url":"https:\/\/aureadermatologia.com.br\/home\/wp-content\/uploads\/2025\/10\/foto-scaled-e1761058205358.jpeg","type":"image\/jpeg"}],"twitter_card":"summary_large_image","twitter_misc":{"Est. tempo de leitura":"1 minuto"},"schema":{"@context":"https:\/\/schema.org","@graph":[{"@type":"WebPage","@id":"https:\/\/aureadermatologia.com.br\/home\/corpo-clinico\/isadora-hegouet\/","url":"https:\/\/aureadermatologia.com.br\/home\/corpo-clinico\/isadora-hegouet\/","name":"Isadora Hegouet | Fisioterapia Est\u00e9tica Avan\u00e7ada em Salvador","isPartOf":{"@id":"https:\/\/aureadermatologia.com.br\/home\/#website"},"primaryImageOfPage":{"@id":"https:\/\/aureadermatologia.com.br\/home\/corpo-clinico\/isadora-hegouet\/#primaryimage"},"image":{"@id":"https:\/\/aureadermatologia.com.br\/home\/corpo-clinico\/isadora-hegouet\/#primaryimage"},"thumbnailUrl":"https:\/\/aureadermatologia.com.br\/home\/wp-content\/uploads\/2025\/10\/foto-scaled-e1761058205358.jpeg","datePublished":"2025-10-21T14:49:31+00:00","dateModified":"2025-10-21T14:49:31+00:00","description":"Fisioterapeuta formada pela Universidade Federal da Bahia (UFBA) e atualmente \u00e9 mestranda em Processos Interativos dos \u00d3rg\u00e3os e Sistemas.","breadcrumb":{"@id":"https:\/\/aureadermatologia.com.br\/home\/corpo-clinico\/isadora-hegouet\/#breadcrumb"},"inLanguage":"pt-BR","potentialAction":[{"@type":"ReadAction","target":["https:\/\/aureadermatologia.com.br\/home\/corpo-clinico\/isadora-hegouet\/"]}]},{"@type":"ImageObject","inLanguage":"pt-BR","@id":"https:\/\/aureadermatologia.com.br\/home\/corpo-clinico\/isadora-hegouet\/#primaryimage","url":"https:\/\/aureadermatologia.com.br\/home\/wp-content\/uploads\/2025\/10\/foto-scaled-e1761058205358.jpeg","contentUrl":"https:\/\/aureadermatologia.com.br\/home\/wp-content\/uploads\/2025\/10\/foto-scaled-e1761058205358.jpeg","width":1440,"height":2142},{"@type":"BreadcrumbList","@id":"https:\/\/aureadermatologia.com.br\/home\/corpo-clinico\/isadora-hegouet\/#breadcrumb","itemListElement":[{"@type":"ListItem","position":1,"name":"In\u00edcio","item":"https:\/\/aureadermatologia.com.br\/home\/"},{"@type":"ListItem","position":2,"name":"Corpo Cl\u00ednico","item":"https:\/\/aureadermatologia.com.br\/home\/corpo-clinico\/"},{"@type":"ListItem","position":3,"name":"Isadora Hegouet"}]},{"@type":"WebSite","@id":"https:\/\/aureadermatologia.com.br\/home\/#website","url":"https:\/\/aureadermatologia.com.br\/home\/","name":"Aurea Dermatologia Integrada","description":"Uma Cl\u00ednica de dermatologia que tamb\u00e9m \u00e9 uma galeria de arte.  Dermatologistas de excel\u00eancia. As melhores t\u00e9cnicas e produtos de qualidade  para tratamentos personalizados e resultados naturais.","publisher":{"@id":"https:\/\/aureadermatologia.com.br\/home\/#organization"},"potentialAction":[{"@type":"SearchAction","target":{"@type":"EntryPoint","urlTemplate":"https:\/\/aureadermatologia.com.br\/home\/?s={search_term_string}"},"query-input":"required name=search_term_string"}],"inLanguage":"pt-BR"},{"@type":"Organization","@id":"https:\/\/aureadermatologia.com.br\/home\/#organization","name":"Aurea Dermatologia Integrada","url":"https:\/\/aureadermatologia.com.br\/home\/","logo":{"@type":"ImageObject","inLanguage":"pt-BR","@id":"https:\/\/aureadermatologia.com.br\/home\/#\/schema\/logo\/image\/","url":"https:\/\/aureadermatologia.com.br\/home\/wp-content\/uploads\/2022\/11\/Marca-Aurea-Dermo-03.png","contentUrl":"https:\/\/aureadermatologia.com.br\/home\/wp-content\/uploads\/2022\/11\/Marca-Aurea-Dermo-03.png","width":3509,"height":2481,"caption":"Aurea Dermatologia Integrada"},"image":{"@id":"https:\/\/aureadermatologia.com.br\/home\/#\/schema\/logo\/image\/"},"sameAs":["https:\/\/www.facebook.com\/aurea.dermatologia\/","https:\/\/www.instagram.com\/aurea.dermatologia\/","https:\/\/www.youtube.com\/@aurea.dermatologia\/"]}]}},"_links":{"self":[{"href":"https:\/\/aureadermatologia.com.br\/home\/wp-json\/wp\/v2\/pages\/6186","targetHints":{"allow":["GET"]}}],"collection":[{"href":"https:\/\/aureadermatologia.com.br\/home\/wp-json\/wp\/v2\/pages"}],"about":[{"href":"https:\/\/aureadermatologia.com.br\/home\/wp-json\/wp\/v2\/types\/page"}],"author":[{"embeddable":true,"href":"https:\/\/aureadermatologia.com.br\/home\/wp-json\/wp\/v2\/users\/1"}],"replies":[{"embeddable":true,"href":"https:\/\/aureadermatologia.com.br\/home\/wp-json\/wp\/v2\/comments?post=6186"}],"version-history":[{"count":1,"href":"https:\/\/aureadermatologia.com.br\/home\/wp-json\/wp\/v2\/pages\/6186\/revisions"}],"predecessor-version":[{"id":6188,"href":"https:\/\/aureadermatologia.com.br\/home\/wp-json\/wp\/v2\/pages\/6186\/revisions\/6188"}],"up":[{"embeddable":true,"href":"https:\/\/aureadermatologia.com.br\/home\/wp-json\/wp\/v2\/pages\/4109"}],"wp:featuredmedia":[{"embeddable":true,"href":"https:\/\/aureadermatologia.com.br\/home\/wp-json\/wp\/v2\/media\/6187"}],"wp:attachment":[{"href":"https:\/\/aureadermatologia.com.br\/home\/wp-json\/wp\/v2\/media?parent=6186"}],"curies":[{"name":"wp","href":"https:\/\/api.w.org\/{rel}","templated":true}]}}